{"id":90,"date":"2014-11-20T11:39:55","date_gmt":"2014-11-20T11:39:55","guid":{"rendered":"http:\/\/www.morey-abogados.com\/?page_id=90"},"modified":"2015-04-22T21:02:21","modified_gmt":"2015-04-22T21:02:21","slug":"derechos-humanos","status":"publish","type":"page","link":"http:\/\/www.morey-abogados.com\/?page_id=90","title":{"rendered":"Derechos Humanos"},"content":{"rendered":"<p style=\"text-align: justify;\">Disponemos de experiencia en la defensa de la protecci\u00f3n de Derechos Humanos ante el Tribunal Europeo de Derechos Humanos de Estrasburgo.<\/p>\n<p style=\"text-align: justify;\">Fundamentalmente se ha intervenido en casos de protecci\u00f3n del Derecho Humano al respeto de la vida privada en relaci\u00f3n con la contaminaci\u00f3n ac\u00fastica (art\u00edculo 8 del Convenio Europeo) y de protecci\u00f3n del Derecho Humano a la vida en relaci\u00f3n con la salud (art\u00edculo 2 del Convenio Europeo).<\/p>\n<p style=\"text-align: justify;\">El Letrado que interviene en \u00e9ste \u00e1rea es D. Andr\u00e9s Morey Navarro.<\/p>\n","protected":false},"excerpt":{"rendered":"<p>Disponemos de experiencia en la defensa de la protecci\u00f3n de Derechos Humanos ante el Tribunal Europeo de Derechos Humanos de Estrasburgo. Fundamentalmente se ha intervenido en casos de protecci\u00f3n del Derecho Humano al respeto de la vida privada en relaci\u00f3n<\/p>\n","protected":false},"author":1,"featured_media":0,"parent":80,"menu_order":6,"comment_status":"closed","ping_status":"open","template":"","meta":{"footnotes":""},"class_list":["post-90","page","type-page","status-publish","hentry"],"_links":{"self":[{"href":"http:\/\/www.morey-abogados.com\/index.php?rest_route=\/wp\/v2\/pages\/90","targetHints":{"allow":["GET"]}}],"collection":[{"href":"http:\/\/www.morey-abogados.com\/index.php?rest_route=\/wp\/v2\/pages"}],"about":[{"href":"http:\/\/www.morey-abogados.com\/index.php?rest_route=\/wp\/v2\/types\/page"}],"author":[{"embeddable":true,"href":"http:\/\/www.morey-abogados.com\/index.php?rest_route=\/wp\/v2\/users\/1"}],"replies":[{"embeddable":true,"href":"http:\/\/www.morey-abogados.com\/index.php?rest_route=%2Fwp%2Fv2%2Fcomments&post=90"}],"version-history":[{"count":2,"href":"http:\/\/www.morey-abogados.com\/index.php?rest_route=\/wp\/v2\/pages\/90\/revisions"}],"predecessor-version":[{"id":252,"href":"http:\/\/www.morey-abogados.com\/index.php?rest_route=\/wp\/v2\/pages\/90\/revisions\/252"}],"up":[{"embeddable":true,"href":"http:\/\/www.morey-abogados.com\/index.php?rest_route=\/wp\/v2\/pages\/80"}],"wp:attachment":[{"href":"http:\/\/www.morey-abogados.com\/index.php?rest_route=%2Fwp%2Fv2%2Fmedia&parent=90"}],"curies":[{"name":"wp","href":"https:\/\/api.w.org\/{rel}","templated":true}]}}