{"id":10,"date":"2014-10-14T16:20:15","date_gmt":"2014-10-14T16:20:15","guid":{"rendered":"http:\/\/www.morey-abogados.com\/?page_id=10"},"modified":"2015-05-04T12:16:48","modified_gmt":"2015-05-04T12:16:48","slug":"sobre-nosotros","status":"publish","type":"page","link":"http:\/\/www.morey-abogados.com\/?page_id=10","title":{"rendered":"Sobre Nosotros"},"content":{"rendered":"<div id=\"fotostodas\">\n<div class=\"flotante\"><img decoding=\"async\" class=\"fotor\" src=\"media\/fotos\/foto01.jpg\" alt=\"\" \/><\/p>\n<h2 class=\"titulol\"><a href=\"\/media\/curriculums\/Curriculum%20andres.pdf\" target=\"_blank\">D.Andr\u00e9s Morey Navarro<\/a><\/h2>\n<\/div>\n<div class=\"flotante\"><img decoding=\"async\" class=\"fotor\" src=\"media\/fotos\/foto02.jpg\" alt=\"\" \/><\/p>\n<h2 class=\"titulol\"><a href=\"\/media\/curriculums\/Curriculum%20joaquin.pdf\" target=\"_blank\">D.Joaquin MoreyNavarro<\/a><\/h2>\n<\/div>\n<div class=\"flotante\"><img decoding=\"async\" class=\"fotor\" src=\"media\/fotos\/foto03.jpg\" alt=\"\" \/><\/p>\n<h2 class=\"titulol\"><a href=\"\/media\/curriculums\/Curriculum%20silvia.pdf\" target=\"_blank\">D\u00aa.Silvia B\u00fardalo Rapa<\/a><\/h2>\n<\/div>\n<div class=\"flotante\"><img decoding=\"async\" class=\"fotor\" src=\"media\/fotos\/foto04.jpg\" alt=\"\" \/><\/p>\n<h2 class=\"titulol\"><a href=\"\/media\/curriculums\/Curriculum%20victor.pdf\" target=\"_blank\">D.V\u00edctor Carrasco M\u00e9ndiz<\/a><\/h2>\n<\/div>\n<div class=\"flotante\"><img decoding=\"async\" class=\"fotor\" src=\"media\/fotos\/foto05.jpg\" alt=\"\" \/><\/p>\n<h2 class=\"titulol\"><a href=\"\/media\/curriculums\/Curriculum%20laura.pdf\" target=\"_blank\">D\u00aa.Laura Carrasco M\u00e9ndiz<\/a><\/h2>\n<\/div>\n<div class=\"flotante\"><img decoding=\"async\" class=\"fotor\" src=\"media\/fotos\/foto06.jpg\" alt=\"\" \/><\/p>\n<h2 class=\"titulol\"><a href=\"\/media\/curriculums\/Curriculum%20vicente.pdf\">D.Vicente Jos\u00e9 Vidal Aras<\/a><\/h2>\n<\/div>\n<\/div>\n<style>\r\n\t#fotostodas { height: 50%; width: 50%; margin: auto;}\r\n       .flotante { float: left; }\r\n       .fotor { padding: 0.3em; margin: 0;}\r\n       .titulol {  font-size: 12px;  text-align: center; font-weight: bold; margin: 0; padding: 0;}\r\n<\/style>\n","protected":false},"excerpt":{"rendered":"<p>D.Andr\u00e9s Morey Navarro D.Joaquin MoreyNavarro D\u00aa.Silvia B\u00fardalo Rapa D.V\u00edctor Carrasco M\u00e9ndiz D\u00aa.Laura Carrasco M\u00e9ndiz D.Vicente Jos\u00e9 Vidal Aras<\/p>\n","protected":false},"author":1,"featured_media":0,"parent":0,"menu_order":2,"comment_status":"closed","ping_status":"open","template":"","meta":{"footnotes":""},"class_list":["post-10","page","type-page","status-publish","hentry"],"_links":{"self":[{"href":"http:\/\/www.morey-abogados.com\/index.php?rest_route=\/wp\/v2\/pages\/10","targetHints":{"allow":["GET"]}}],"collection":[{"href":"http:\/\/www.morey-abogados.com\/index.php?rest_route=\/wp\/v2\/pages"}],"about":[{"href":"http:\/\/www.morey-abogados.com\/index.php?rest_route=\/wp\/v2\/types\/page"}],"author":[{"embeddable":true,"href":"http:\/\/www.morey-abogados.com\/index.php?rest_route=\/wp\/v2\/users\/1"}],"replies":[{"embeddable":true,"href":"http:\/\/www.morey-abogados.com\/index.php?rest_route=%2Fwp%2Fv2%2Fcomments&post=10"}],"version-history":[{"count":63,"href":"http:\/\/www.morey-abogados.com\/index.php?rest_route=\/wp\/v2\/pages\/10\/revisions"}],"predecessor-version":[{"id":346,"href":"http:\/\/www.morey-abogados.com\/index.php?rest_route=\/wp\/v2\/pages\/10\/revisions\/346"}],"wp:attachment":[{"href":"http:\/\/www.morey-abogados.com\/index.php?rest_route=%2Fwp%2Fv2%2Fmedia&parent=10"}],"curies":[{"name":"wp","href":"https:\/\/api.w.org\/{rel}","templated":true}]}}

<div id="fotostodas">
<div class="flotante"><img decoding="async" class="fotor" src="media/fotos/foto01.jpg" alt="" /></p>
<h2 class="titulol"><a href="/media/curriculums/Curriculum%20andres.pdf" target="_blank">D.Andrés Morey Navarro</a></h2>
</div>
<div class="flotante"><img decoding="async" class="fotor" src="media/fotos/foto02.jpg" alt="" /></p>
<h2 class="titulol"><a href="/media/curriculums/Curriculum%20joaquin.pdf" target="_blank">D.Joaquin MoreyNavarro</a></h2>
</div>
<div class="flotante"><img decoding="async" class="fotor" src="media/fotos/foto03.jpg" alt="" /></p>
<h2 class="titulol"><a href="/media/curriculums/Curriculum%20silvia.pdf" target="_blank">Dª.Silvia Búrdalo Rapa</a></h2>
</div>
<div class="flotante"><img decoding="async" class="fotor" src="media/fotos/foto04.jpg" alt="" /></p>
<h2 class="titulol"><a href="/media/curriculums/Curriculum%20victor.pdf" target="_blank">D.Víctor Carrasco Méndiz</a></h2>
</div>
<div class="flotante"><img decoding="async" class="fotor" src="media/fotos/foto05.jpg" alt="" /></p>
<h2 class="titulol"><a href="/media/curriculums/Curriculum%20laura.pdf" target="_blank">Dª.Laura Carrasco Méndiz</a></h2>
</div>
<div class="flotante"><img decoding="async" class="fotor" src="media/fotos/foto06.jpg" alt="" /></p>
<h2 class="titulol"><a href="/media/curriculums/Curriculum%20vicente.pdf">D.Vicente José Vidal Aras</a></h2>
</div>
</div>
<style>
	#fotostodas { height: 50%; width: 50%; margin: auto;}
       .flotante { float: left; }
       .fotor { padding: 0.3em; margin: 0;}
       .titulol {  font-size: 12px;  text-align: center; font-weight: bold; margin: 0; padding: 0;}
</style>

<p>D.Andrés Morey Navarro D.Joaquin MoreyNavarro Dª.Silvia Búrdalo Rapa D.Víctor Carrasco Méndiz Dª.Laura Carrasco Méndiz D.Vicente José Vidal Aras</p>
